{"id":197,"date":"2020-04-28T13:06:11","date_gmt":"2020-04-28T13:06:11","guid":{"rendered":"https:\/\/jor.se\/gdpr\/?page_id=197"},"modified":"2021-05-19T09:29:58","modified_gmt":"2021-05-19T09:29:58","slug":"integritetspolicy","status":"publish","type":"page","link":"https:\/\/jor.se\/gdpr\/integritetspolicy\/","title":{"rendered":"Integritetspolicy"},"content":{"rendered":"\t\t<div data-elementor-type=\"wp-post\" data-elementor-id=\"197\" class=\"elementor elementor-197\" data-elementor-settings=\"[]\">\n\t\t\t\t\t\t<div class=\"elementor-inner\">\n\t\t\t\t\t\t\t<div class=\"elementor-section-wrap\">\n\t\t\t\t\t\t\t<section class=\"elementor-section elementor-top-section elementor-element elementor-element-221bcd4 elementor-section-boxed elementor-section-height-default elementor-section-height-default\" data-id=\"221bcd4\" data-element_type=\"section\">\n\t\t\t\t\t\t<div class=\"elementor-container elementor-column-gap-default\">\n\t\t\t\t\t\t\t<div class=\"elementor-row\">\n\t\t\t\t\t<div class=\"elementor-column elementor-col-100 elementor-top-column elementor-element elementor-element-57b1f4e\" data-id=\"57b1f4e\" data-element_type=\"column\">\n\t\t\t<div class=\"elementor-column-wrap elementor-element-populated\">\n\t\t\t\t\t\t\t<div class=\"elementor-widget-wrap\">\n\t\t\t\t\t\t<div class=\"elementor-element elementor-element-518d494 elementor-widget elementor-widget-heading\" data-id=\"518d494\" data-element_type=\"widget\" data-widget_type=\"heading.default\">\n\t\t\t\t<div class=\"elementor-widget-container\">\n\t\t\t<h2 class=\"elementor-heading-title elementor-size-default\">V\u00e5r policy f\u00f6r personuppgiftsbehandling<\/h2>\t\t<\/div>\n\t\t\t\t<\/div>\n\t\t\t\t<div class=\"elementor-element elementor-element-0ab3256 elementor-widget elementor-widget-text-editor\" data-id=\"0ab3256\" data-element_type=\"widget\" data-widget_type=\"text-editor.default\">\n\t\t\t\t<div class=\"elementor-widget-container\">\n\t\t\t\t\t\t\t\t<div class=\"elementor-text-editor elementor-clearfix\">\n\t\t\t\t\t<p>Avtal mellan dig och JoR AB, ditt samtycke eller v\u00e5rt ber\u00e4ttigade intresse ligger som grund till v\u00e5r hantering av dina personuppgifter. Vi kan behandla personuppgifter som du har gett direkt till oss och\/eller i samband med best\u00e4llningar av produkter i v\u00e5rt sortiment.<\/p><p>Ansvarig f\u00f6r behandling av personuppgifter \u00e4r JoR AB (organisationsnummer 556278-5724), Rubanksgatan 4, 741 71 Knivsta.<\/p><p>Vi sparar dina uppgifter den tid som till\u00e5ts enligt till\u00e4mplig lag. Viss information kan beh\u00e5llas l\u00e4ngre d\u00e5 det kr\u00e4vs p\u00e5 grund av andra lagkrav, som exempelvis bokf\u00f6ringslagen.<\/p><p>Alla uppgifter sparas s\u00e4kert och aldrig l\u00e4ngre \u00e4n n\u00f6dv\u00e4ndigt. Du \u00e4ger alltid \u201dr\u00e4tten att bli gl\u00f6md\u201d, dvs. att bli borttagen fr\u00e5n v\u00e5ra register, <strong><a href=\"https:\/\/jor.se\/meas\/om-oss\/kontaktuppgifter\/\" target=\"_blank\" rel=\"noopener\">genom att kontakta oss \u00bb<\/a><\/strong><\/p><p>Dina uppgifter \u00f6verf\u00f6rs till tredje part endast d\u00e5 detta \u00e4r oundvikligt; till spedit\u00f6r i samband med leverans, eller till v\u00e5r leverant\u00f6r vid diskussion i p\u00e5g\u00e5ende \u00e4rende.<\/p><p>F\u00f6r\u00e4ndringar av v\u00e5r policy f\u00f6r behandling av personuppgifter f\u00f6rmedlas via v\u00e5r webbplats och vid behov via e-post.<\/p><p><em>GDPR, General Data Protection Regulation, \u00e4r en dataskyddslag som b\u00f6rjade g\u00e4lla inom EU den 25 maj 2018, och ersatte den tidigare svenska personuppgiftslagen PuL.<\/em><\/p><p><em>F\u00f6r mer information om GDPR, v\u00e4nligen se Datainspektionen:<\/em><br \/><strong><a href=\"https:\/\/www.datainspektionen.se\/dataskyddsreformen\/\" target=\"_blank\" rel=\"noopener\"><em>https:\/\/www.datainspektionen.se\/dataskyddsreformen\/<\/em><\/a><\/strong><\/p>\t\t\t\t\t<\/div>\n\t\t\t\t\t\t<\/div>\n\t\t\t\t<\/div>\n\t\t\t\t\t\t<\/div>\n\t\t\t\t\t<\/div>\n\t\t<\/div>\n\t\t\t\t\t\t\t\t<\/div>\n\t\t\t\t\t<\/div>\n\t\t<\/section>\n\t\t\t\t<section class=\"elementor-section elementor-top-section elementor-element elementor-element-41a43a6 elementor-section-boxed elementor-section-height-default elementor-section-height-default\" data-id=\"41a43a6\" data-element_type=\"section\">\n\t\t\t\t\t\t<div class=\"elementor-container elementor-column-gap-default\">\n\t\t\t\t\t\t\t<div class=\"elementor-row\">\n\t\t\t\t\t<div class=\"elementor-column elementor-col-100 elementor-top-column elementor-element elementor-element-b53be5b\" data-id=\"b53be5b\" data-element_type=\"column\">\n\t\t\t<div class=\"elementor-column-wrap elementor-element-populated\">\n\t\t\t\t\t\t\t<div class=\"elementor-widget-wrap\">\n\t\t\t\t\t\t<div class=\"elementor-element elementor-element-c4c091f elementor-widget elementor-widget-spacer\" data-id=\"c4c091f\" data-element_type=\"widget\" data-widget_type=\"spacer.default\">\n\t\t\t\t<div class=\"elementor-widget-container\">\n\t\t\t\t\t<div class=\"elementor-spacer\">\n\t\t\t<div class=\"elementor-spacer-inner\"><\/div>\n\t\t<\/div>\n\t\t\t\t<\/div>\n\t\t\t\t<\/div>\n\t\t\t\t\t\t<\/div>\n\t\t\t\t\t<\/div>\n\t\t<\/div>\n\t\t\t\t\t\t\t\t<\/div>\n\t\t\t\t\t<\/div>\n\t\t<\/section>\n\t\t\t\t<section class=\"elementor-section elementor-top-section elementor-element elementor-element-646f044 elementor-section-boxed elementor-section-height-default elementor-section-height-default\" data-id=\"646f044\" data-element_type=\"section\">\n\t\t\t\t\t\t<div class=\"elementor-container elementor-column-gap-default\">\n\t\t\t\t\t\t\t<div class=\"elementor-row\">\n\t\t\t\t\t<div class=\"elementor-column elementor-col-100 elementor-top-column elementor-element elementor-element-4de1395\" data-id=\"4de1395\" data-element_type=\"column\">\n\t\t\t<div class=\"elementor-column-wrap elementor-element-populated\">\n\t\t\t\t\t\t\t<div class=\"elementor-widget-wrap\">\n\t\t\t\t\t\t<div class=\"elementor-element elementor-element-20b1081 elementor-widget elementor-widget-heading\" data-id=\"20b1081\" data-element_type=\"widget\" data-widget_type=\"heading.default\">\n\t\t\t\t<div class=\"elementor-widget-container\">\n\t\t\t<h2 class=\"elementor-heading-title elementor-size-default\">Our policy for personal data processing<\/h2>\t\t<\/div>\n\t\t\t\t<\/div>\n\t\t\t\t<div class=\"elementor-element elementor-element-a5d5e83 elementor-widget elementor-widget-text-editor\" data-id=\"a5d5e83\" data-element_type=\"widget\" data-widget_type=\"text-editor.default\">\n\t\t\t\t<div class=\"elementor-widget-container\">\n\t\t\t\t\t\t\t\t<div class=\"elementor-text-editor elementor-clearfix\">\n\t\t\t\t\t<p>The agreement between you and JoR AB, your consent or our legitimate interest are the reasons as a basis for our processing of your personal data. We can process personal data that you have given to us directly and\/or in regard to an order placed on products from our assortment.<\/p><p>Liable for the processing of personal data is JoR AB (registered number 556278-5724), Rubanksgatan 4, 74171 Knivsta.<\/p><p>We save your personal data for the time period allowed by the applicable law. Some data can be kept longer due to other legal demands, such as the Swedish Accounting Act.<\/p><p>All data are saved securely and never longer than necessary. You always have the right to \u201cbe forgotten\u201d, that is to say to be erased from our registers simply by <strong><a href=\"https:\/\/jor.se\/meas\/om-oss\/kontaktuppgifter\/\" target=\"_blank\" rel=\"noopener\">contacting us \u00bb<\/a><\/strong><\/p><p>Your data is only transferred to a third party when this is inevitable; as to forwarding agents when delivering of packages, or as to our suppliers in discussing current cases.<\/p><p>Changes in our policy for personal data processing are communicated on our website and when needed via e-mail.<\/p><p><em>The General Data Protection Regulation (GDPR) is a EU data protection law that was introduced the 25th of May 2018, replacing the former Swedish law concerning personal data, Personuppgiftlagen, PuL.<\/em><\/p><p><em>For more information, please consult the Swedish Data Protection Authority:<br \/><\/em><em><strong><a href=\"https:\/\/www.datainspektionen.se\/other-lang\/in-english\/\" target=\"_blank\" rel=\"noopener\">https:\/\/www.datainspektionen.se\/in-english\/<\/a><\/strong><\/em><\/p>\t\t\t\t\t<\/div>\n\t\t\t\t\t\t<\/div>\n\t\t\t\t<\/div>\n\t\t\t\t\t\t<\/div>\n\t\t\t\t\t<\/div>\n\t\t<\/div>\n\t\t\t\t\t\t\t\t<\/div>\n\t\t\t\t\t<\/div>\n\t\t<\/section>\n\t\t\t\t\t\t<\/div>\n\t\t\t\t\t\t<\/div>\n\t\t\t\t\t<\/div>\n\t\t","protected":false},"excerpt":{"rendered":"<p>V\u00e5r policy f\u00f6r personuppgiftsbehandling Avtal mellan dig och JoR AB, ditt samtycke eller v\u00e5rt ber\u00e4ttigade intresse ligger som grund till v\u00e5r hantering av dina personuppgifter. Vi kan behandla personuppgifter som du har gett direkt till oss och\/eller i samband med best\u00e4llningar av produkter i v\u00e5rt sortiment. Ansvarig f\u00f6r behandling av personuppgifter \u00e4r JoR AB (organisationsnummer &hellip; <a href=\"https:\/\/jor.se\/gdpr\/integritetspolicy\/\" class=\"more-link\">Continue reading<span class=\"screen-reader-text\"> &#8220;Integritetspolicy&#8221;<\/span><\/a><\/p>\n","protected":false},"author":1,"featured_media":0,"parent":0,"menu_order":0,"comment_status":"closed","ping_status":"closed","template":"","meta":[],"yoast_head":"<!-- This site is optimized with the Yoast SEO plugin v14.9 - https:\/\/yoast.com\/wordpress\/plugins\/seo\/ -->\n<title>Integritetspolicy - JoR AB \/ GDPR<\/title>\n<meta name=\"robots\" content=\"noindex, follow\" \/>\n<meta property=\"og:locale\" content=\"en_US\" \/>\n<meta property=\"og:type\" content=\"article\" \/>\n<meta property=\"og:title\" content=\"Integritetspolicy - JoR AB \/ GDPR\" \/>\n<meta property=\"og:description\" content=\"V\u00e5r policy f\u00f6r personuppgiftsbehandling Avtal mellan dig och JoR AB, ditt samtycke eller v\u00e5rt ber\u00e4ttigade intresse ligger som grund till v\u00e5r hantering av dina personuppgifter. Vi kan behandla personuppgifter som du har gett direkt till oss och\/eller i samband med best\u00e4llningar av produkter i v\u00e5rt sortiment. Ansvarig f\u00f6r behandling av personuppgifter \u00e4r JoR AB (organisationsnummer &hellip; Continue reading &quot;Integritetspolicy&quot;\" \/>\n<meta property=\"og:url\" content=\"https:\/\/jor.se\/gdpr\/integritetspolicy\/\" \/>\n<meta property=\"og:site_name\" content=\"JoR AB \/ GDPR\" \/>\n<meta property=\"article:modified_time\" content=\"2021-05-19T09:29:58+00:00\" \/>\n<meta name=\"twitter:card\" content=\"summary_large_image\" \/>\n<script type=\"application\/ld+json\" class=\"yoast-schema-graph\">{\"@context\":\"https:\/\/schema.org\",\"@graph\":[{\"@type\":\"WebSite\",\"@id\":\"https:\/\/jor.se\/gdpr\/#website\",\"url\":\"https:\/\/jor.se\/gdpr\/\",\"name\":\"JoR AB \/ GDPR\",\"description\":\"\",\"potentialAction\":[{\"@type\":\"SearchAction\",\"target\":\"https:\/\/jor.se\/gdpr\/?s={search_term_string}\",\"query-input\":\"required name=search_term_string\"}],\"inLanguage\":\"en-US\"},{\"@type\":\"WebPage\",\"@id\":\"https:\/\/jor.se\/gdpr\/integritetspolicy\/#webpage\",\"url\":\"https:\/\/jor.se\/gdpr\/integritetspolicy\/\",\"name\":\"Integritetspolicy - JoR AB \/ GDPR\",\"isPartOf\":{\"@id\":\"https:\/\/jor.se\/gdpr\/#website\"},\"datePublished\":\"2020-04-28T13:06:11+00:00\",\"dateModified\":\"2021-05-19T09:29:58+00:00\",\"inLanguage\":\"en-US\",\"potentialAction\":[{\"@type\":\"ReadAction\",\"target\":[\"https:\/\/jor.se\/gdpr\/integritetspolicy\/\"]}]}]}<\/script>\n<!-- \/ Yoast SEO plugin. -->","_links":{"self":[{"href":"https:\/\/jor.se\/gdpr\/wp-json\/wp\/v2\/pages\/197"}],"collection":[{"href":"https:\/\/jor.se\/gdpr\/wp-json\/wp\/v2\/pages"}],"about":[{"href":"https:\/\/jor.se\/gdpr\/wp-json\/wp\/v2\/types\/page"}],"author":[{"embeddable":true,"href":"https:\/\/jor.se\/gdpr\/wp-json\/wp\/v2\/users\/1"}],"replies":[{"embeddable":true,"href":"https:\/\/jor.se\/gdpr\/wp-json\/wp\/v2\/comments?post=197"}],"version-history":[{"count":9,"href":"https:\/\/jor.se\/gdpr\/wp-json\/wp\/v2\/pages\/197\/revisions"}],"predecessor-version":[{"id":296,"href":"https:\/\/jor.se\/gdpr\/wp-json\/wp\/v2\/pages\/197\/revisions\/296"}],"wp:attachment":[{"href":"https:\/\/jor.se\/gdpr\/wp-json\/wp\/v2\/media?parent=197"}],"curies":[{"name":"wp","href":"https:\/\/api.w.org\/{rel}","templated":true}]}}